 (l/9 + -1)*-3.
31
Suppose 8*w = 3*w + 110. Suppose 74 = 4*j - 5*d, 2*j + 2*d - 6 - w = 0. What are the prime factors of j?
2
Let y(p) be the third derivative of p**4/24 - p**3/6 + p**2. Let v be -2*1/6*-24. List the prime factors of y(v).
7
Let m = -13 + 16. Suppose -8*a - 3*h = -m*a - 85, 2*a + h = 35. What are the prime factors of a?
2, 5
Suppose -5*l + 8 + 12 = 0. Suppose -a - 5*n - 12 = -2, 11 = l*a + 3*n. List the prime factors of a.
5
Suppose -x + 0*x + 125 = 0. Suppose x - 27 = 2*m. List the prime factors of m.
7
Let v(k) = k**3 + 9*k**2 + k + 3. Let r be v(-9). Let p = 10 + r. What are the prime factors of p?
2
Let p = 21 + -13. Suppose -t = -3*t + p. List the prime factors of t.
2
Suppose -3*a - a - 305 = -5*k, 0 = -3*k - 4*a + 183. List the prime factors of k.
61
Let p(n) = 3*n - 1. Let b be p(1). Suppose 0*z - b*z + 30 = 0. List the prime factors of z.
3, 5
Suppose 4*w + 0*w - 28 = 0. Let i = 9 + w. List the prime factors of i.
2
Let m = 26 - 19. Suppose -5*g + m*g + 143 = 5*s, -5*g = -5*s + 155. List the prime factors of s.
3
Let q = -109 - -220. List the prime factors of q.
3, 37
Let l be ((-4)/(-10))/((-1)/(-5)). Let a = -61 - -71. Suppose l*r + a = 32. What are the prime factors of r?
11
Let j be 2/13 + 171/(-13). Let m = j - -33. What are the prime factors of m?
2, 5
Let c be 12*(10/3 + -3). Suppose 6 = -5*t - c*w + 66, 4*t = 2*w + 74. List the prime factors of t.
2
Let h(j) = j**2 + j + 5. Let t be ((-9)/(-6))/(1/2). Suppose -3*p - g = -0*g, -t*g = 0. What are the prime factors of h(p)?
5
Suppose t = 2*t - 3. Suppose 0 = y - 3*y - t*w + 21, 3*w - 57 = -5*y. What are the prime factors of y?
2, 3
Let v(z) = z**3 + 2*z**2 - 4*z + 4. What are the prime factors of v(4)?
2, 3, 7
Let x(d) = d**3 + 3*d**2 + 3. Let j be x(-5). Let g = -21 - j. What are the prime factors of g?
2, 13
Suppose 2*y + h = 80, -4*y = -5*h + 3*h - 176. What are the prime factors of y?
2, 3, 7
Let g be (-2)/4 + 1/2. Suppose 0*n + 3*n = g. Suppose 15 = 5*u - n*u. What are the prime factors of u?
3
Suppose 43 = 4*q + 175. Let z = -16 - q. List the prime factors of z.
17
Let w(o) = -o. Let u be w(-4). Suppose u*j - 76 + 16 = 0. What are the prime factors of j?
3, 5
Suppose a + 4 = 9. Suppose -a*u + 3*u = -16. List the prime factors of u.
2
Let b be 3/(9/48 - 0). Suppose -h - 4*s = -4*h + 22, -2*h + 3*s + b = 0. List the prime factors of (-2)/h*-1*5.
5
Suppose -337 = -6*n + 5. What are the prime factors of n?
3, 19
Let k be 6/(-4)*(8 - 0). Let g = 21 + k. List the prime factors of g.
3
Suppose 5*j - 1041 = -421. Suppose -4*d - 5*k + 0*k = -101, -5*d = 4*k - j. List the prime factors of d.
2, 3
Suppose -2*i + 8 = 3*m - 5*m, i - 2 = 0. Suppose v + 0*v = 0. Let g = v - m. List the prime factors of g.
2
Suppose -22 = -c - 2. Suppose c = 4*b - 20. What are the prime factors of b?
2, 5
Suppose n + 87 = 4*t, t - 4*n = -0*t + 3. Let h = t + -9. List the prime factors of h.
2, 7
Suppose 232 = 3*i - 167. What are the prime factors of i?
7, 19
Suppose -3*l - 3*t - 12 = 0, -8 = -l - 3*l + 2*t. Suppose j + l = 2. What are the prime factors of 7 - (j/2 + 0)?
2, 3
Suppose 0 = 6*a - a. Suppose 0*p + 3*p - 45 = a. List the prime factors of p.
3, 5
Suppose 2*i - 104 = -4*u + 6*i, 0 = 3*u - 2*i - 76. List the prime factors of 28/(-6)*(-36)/u.
7
Let a(q) = q**3 - 10*q**2 - 9. Let j be a(10). Let s = 18 + j. List the prime factors of (-2)/9 + 20/s.
2
Suppose -4 = -4*q, -2*g + 0*g - 5*q = 31. Let r = g - -58. What are the prime factors of r?
2, 5
Let w = 89 - 43. Let m = -8 + w. What are the prime factors of m?
2, 19
List the prime factors of -148*6*(-4)/32.
3, 37
Suppose 10 + 2 = -o + i, -5*i - 30 = 4*o. Let a(t) = -t + 3. What are the prime factors of a(o)?
13
Suppose 0 = -6*c + 9 + 33. List the prime factors of c.
7
Suppose -4*t + 4*r + 648 = 0, 4*t - 624 - 6 = -5*r. Suppose o + t = 26. List the prime factors of 1/4 + o/(-8).
17
Suppose 2*f - 26 + 10 = -4*l, -4*l = -f - 4. Let w(n) = 2*n - n**2 + 7 - f + 2*n**2. List the prime factors of w(-3).
2, 3
Let d = 72 + -47. List the prime factors of d.
5
Suppose -4*t + 266 - 46 = 0. List the prime factors of t.
5, 11
Let j(g) = g**2 - 7*g - 19. List the prime factors of j(-8).
101
Let m = 99 + 0. What are the prime factors of m?
3, 11
Suppose 0*u + u + 1 = 3*r, -u = -2*r. Suppose u*w + 8 = -8. Let o(l) = -l**2 - 9*l + 3. List the prime factors of o(w).
11
Suppose 23 - 7 = -4*i. Let o = 15 + i. List the prime factors of o.
11
Let x(h) = 2*h - 11. Let n(j) = -j + 5. Let o(d) = 5*n(d) + 3*x(d). Let i be o(11). Let r = 11 - i. List the prime factors of r.
2
Let g = 364 - 205. Suppose 0 = -5*q + 44 - g. Let z = -14 - q. What are the prime factors of z?
3
Let m(w) = 3*w + 1. Suppose -3*o - 15 = -6. Let v be m(o). Let c = -5 - v. List the prime factors of c.
3
What are the prime factors of (40/3)/((-14)/(-21))?
2, 5
Let a(l) = l**2 - l - 2. Let d(t) = -1. Let c(i) = i - 2. Let x(w) = c(w) + 6*d(w). Let o be x(6). What are the prime factors of a(o)?
2
Suppose 3*v = -2*v. Let a(j) = -5 + 0*j + 10 - 5*j + 4*j. What are the prime factors of a(v)?
5
Suppose -b + 12 = 3*m - 11, -4*b + 92 = m. Let o be 3/(9/3) - b. Let k = -10 - o. List the prime factors of k.
2, 3
Let b(s) = 7*s**3 - 3*s + 9. Let w(l) = 10*l**3 - 4*l + 13. Let q = -5 + 0. Let f(i) = q*w(i) + 7*b(i). List the prime factors of f(-2).
2
Let i(a) = a + 1. Let q be i(-9). Let x = q - -10. What are the prime factors of (-1)/(x/(-20)) - 1?
3
Let c = 18 - 40. List the prime factors of (-2)/5 - c/5.
2
Let r(j) = 7*j**2 - 8*j - 11. Let p(c) = -3*c**2 + 4*c + 5. Suppose -5*q - 6 = 4. Let o(s) = q*r(s) - 5*p(s). What are the prime factors of o(5)?
2
Let q(v) = v**3 - 7*v**2 - 8*v + 3. Let u(c) = 8*c**2 - c + 1. Let i be u(1). Let o be q(i). What are the prime factors of (o/2)/((-1)/(-8))?
2, 3
Suppose 4*d - 3*r - 145 = -2*r, 142 = 4*d + 2*r. List the prime factors of d.
2, 3
Suppose 12 = -2*f + 5*f. Suppose -1 - 71 = f*z. What are the prime factors of (z/(-10))/(4/20)?
3
Let x = -7 - -9. Suppose x*f - 40 = -6. Let m = 28 - f. List the prime factors of m.
11
Suppose 2*s + 22 = 2*f - 0*f, -2*f = 3*s + 8. List the prime factors of (-2)/s - 44/(-12).
2
Let i = 11 - 9. Suppose -i*p = -5*p + 27. What are the prime factors of p?
3
Suppose -h + 49 = 2. List the prime factors of h.
47
Suppose 29 = -3*u + 140. What are the prime factors of u?
37
Let n = -513 + 727. What are the prime factors of n?
2, 107
Let j = -21 - -21. Suppose j*r + 24 = 3*r. List the prime factors of r.
2
Let c = 212 + -123. List the prime factors of c.
89
Suppose -2*t = -4, 0*b - 2*b - 5*t = -16. Let n = b + -1. List the prime factors of n.
2
Let w(a) = -a**2 + 5*a + 4. Suppose 17 = 5*s + 4*f, -4*s - 2*f + 14 + 2 = 0. What are the prime factors of w(s)?
2
Suppose 0*n + 12*n - 1848 = 0. What are the prime factors of n?
2, 7, 11
Let a(c) = -c**3 - 5*c**2 + 4. Let z be a(-5). Let i(m) = z - 4*m - 3 - 3. What are the prime factors of i(-2)?
2, 3
Suppose -329 = -3*i - 4*i. What are the prime factors of i?
47
Let w(b) = b**3 - 3*b**2 + 2. Let f be w(3). Let y = 7 - f. What are the prime factors of y?
5
Suppose -2*u - 2*u + 44 = 0. List the prime factors of u.
11
What are the prime factors of 950/5*(-1 - -2)?
2, 5, 19
Let q(m) = m**3 - 7*m**2 + 4*m. Let v be q(3). Let z = 29 + v. What are the prime factors of z?
5
Suppose -y - y + 364 = 0. Let o = y - 128. Suppose 70 = 5*z + 5*t, 3*z - o = -2*z - t. What are the prime factors of z?
2, 5
Suppose 0 + 12 = -2*r. List the prime factors of -1 + (r + 3 - -16).
2, 3
List the prime factors of 1/4 - 910/(-40).
23
Let j = -4 - -4. Suppose j*v = -4*v + 12. Suppose -w + v*w - 8 = 0. What are the prime factors of w?
2
Suppose j - 9 = 11. Let d = j + -9. List the prime factors of d.
11
Let a(w) = 35*w**2 - 7*w - 16. List the prime factors of a(-2).
2, 3, 23
Let x be (-1)/(-3*(-3)/18). Let p = 1 - x. Suppose -5*a = 5*y - 55, -a = -y - 4 - p. What are the prime factors of a?
3
Suppose 7*y - 259 = 203. List the prime factors of y.
2, 3, 11
Let y(d) = 5 - 10 + 0*d + 5*d - 2*d. List the prime factors of y(7).
2
Let p be -2 + 1 - (0 + 1). Let q = p - -5. List the prime factors of q.
3
Let v(k) = k**2. Suppose 2*p = 3*c + 53, 2*p - 4*c = -0*p + 58. Suppose 0 = -5*z - 4 + p. List the prime factors of v(z).
3